{"id":8,"date":"2024-06-27T14:39:45","date_gmt":"2024-06-27T14:39:45","guid":{"rendered":"https:\/\/vinarstvizdenekprat.cz\/?page_id=8"},"modified":"2024-11-01T16:31:26","modified_gmt":"2024-11-01T16:31:26","slug":"domu","status":"publish","type":"page","link":"https:\/\/vinarstvizdenekprat.cz\/","title":{"rendered":"Dom\u016f"},"content":{"rendered":"\t\t<div data-elementor-type=\"wp-page\" data-elementor-id=\"8\" class=\"elementor elementor-8\">\n\t\t\t\t<div class=\"elementor-element elementor-element-1e0bc82 e-con-full e-flex e-con e-parent\" data-id=\"1e0bc82\" data-element_type=\"container\" data-settings=\"{&quot;background_background&quot;:&quot;classic&quot;}\">\n\t\t\t\t<div class=\"elementor-element elementor-element-3f7203b elementor-widget elementor-widget-image\" data-id=\"3f7203b\" data-element_type=\"widget\" data-widget_type=\"image.default\">\n\t\t\t\t<div class=\"elementor-widget-container\">\n\t\t\t\t\t\t\t\t\t\t\t\t\t\t\t<img fetchpriority=\"high\" decoding=\"async\" width=\"275\" height=\"345\" src=\"https:\/\/vinarstvizdenekprat.cz\/wp-content\/uploads\/2024\/06\/output-onlinepngtools.png\" class=\"attachment-full size-full wp-image-188\" alt=\"\" srcset=\"https:\/\/vinarstvizdenekprat.cz\/wp-content\/uploads\/2024\/06\/output-onlinepngtools.png 275w, https:\/\/vinarstvizdenekprat.cz\/wp-content\/uploads\/2024\/06\/output-onlinepngtools-239x300.png 239w\" sizes=\"(max-width: 275px) 100vw, 275px\" \/>\t\t\t\t\t\t\t\t\t\t\t\t\t\t\t<\/div>\n\t\t\t\t<\/div>\n\t\t\t\t<div class=\"elementor-element elementor-element-c9d495b elementor-widget elementor-widget-heading\" data-id=\"c9d495b\" data-element_type=\"widget\" data-widget_type=\"heading.default\">\n\t\t\t\t<div class=\"elementor-widget-container\">\n\t\t\t\t\t<h2 class=\"elementor-heading-title elementor-size-default\">ZDEN\u011aK<\/h2>\t\t\t\t<\/div>\n\t\t\t\t<\/div>\n\t\t\t\t<div class=\"elementor-element elementor-element-5b59a52 elementor-widget elementor-widget-heading\" data-id=\"5b59a52\" data-element_type=\"widget\" data-widget_type=\"heading.default\">\n\t\t\t\t<div class=\"elementor-widget-container\">\n\t\t\t\t\t<h2 class=\"elementor-heading-title elementor-size-default\">PR\u00c1T<\/h2>\t\t\t\t<\/div>\n\t\t\t\t<\/div>\n\t\t\t\t<div class=\"elementor-element elementor-element-9dc0258 elementor-widget-divider--view-line elementor-widget elementor-widget-divider\" data-id=\"9dc0258\" data-element_type=\"widget\" data-widget_type=\"divider.default\">\n\t\t\t\t<div class=\"elementor-widget-container\">\n\t\t\t\t\t\t\t<div class=\"elementor-divider\">\n\t\t\t<span class=\"elementor-divider-separator\">\n\t\t\t\t\t\t<\/span>\n\t\t<\/div>\n\t\t\t\t\t\t<\/div>\n\t\t\t\t<\/div>\n\t\t\t\t<\/div>\n\t\t<div class=\"elementor-element elementor-element-3d35db3 e-con-full e-flex e-con e-parent\" data-id=\"3d35db3\" data-element_type=\"container\" data-settings=\"{&quot;background_background&quot;:&quot;classic&quot;}\">\n\t\t<div class=\"elementor-element elementor-element-30521ce e-con-full e-flex e-con e-child\" data-id=\"30521ce\" data-element_type=\"container\">\n\t\t<div class=\"elementor-element elementor-element-c0b6eb9 e-con-full e-flex e-con e-child\" data-id=\"c0b6eb9\" data-element_type=\"container\">\n\t\t\t\t<div class=\"elementor-element elementor-element-bd88e49 elementor-widget elementor-widget-heading\" data-id=\"bd88e49\" data-element_type=\"widget\" data-widget_type=\"heading.default\">\n\t\t\t\t<div class=\"elementor-widget-container\">\n\t\t\t\t\t<h2 class=\"elementor-heading-title elementor-size-default\">O VINA\u0158STV\u00cd<\/h2>\t\t\t\t<\/div>\n\t\t\t\t<\/div>\n\t\t\t\t<div class=\"elementor-element elementor-element-63e9c03 elementor-widget-divider--view-line elementor-invisible elementor-widget elementor-widget-divider\" data-id=\"63e9c03\" data-element_type=\"widget\" data-settings=\"{&quot;_animation&quot;:&quot;slideInUp&quot;,&quot;_animation_mobile&quot;:&quot;bounceInUp&quot;}\" data-widget_type=\"divider.default\">\n\t\t\t\t<div class=\"elementor-widget-container\">\n\t\t\t\t\t\t\t<div class=\"elementor-divider\">\n\t\t\t<span class=\"elementor-divider-separator\">\n\t\t\t\t\t\t<\/span>\n\t\t<\/div>\n\t\t\t\t\t\t<\/div>\n\t\t\t\t<\/div>\n\t\t\t\t<\/div>\n\t\t\t\t<div class=\"elementor-element elementor-element-057f359 elementor-widget elementor-widget-text-editor\" data-id=\"057f359\" data-element_type=\"widget\" data-widget_type=\"text-editor.default\">\n\t\t\t\t<div class=\"elementor-widget-container\">\n\t\t\t\t\t\t\t\t\t<p style=\"margin-top: 0cm; background: white;\">Jsme mal\u00e9 vina\u0159stv\u00ed s\u00eddl\u00edc\u00ed v obci Josefov ve Slov\u00e1ck\u00e9 vina\u0159sk\u00e9 podoblasti obhospoda\u0159uj\u00edc\u00ed 4 hektary vinic, kter\u00e9 le\u017e\u00ed na \u00fazem\u00ed trat\u00ed Kukvi\u010dka a Podkovn\u00e9 ve vina\u0159sk\u00e9 obci Josefov a Pru\u0161\u00e1nky. O\u0161et\u0159ujeme je p\u0159ednostn\u011b p\u0159\u00edrodn\u00edmi post\u0159iky (nap\u0159. pomeran\u010dov\u00e1 k\u016fra, v\u00fdta\u017eek z mo\u0159sk\u00fdch \u0159as) jsou v re\u017eimu Integrovan\u00e1 produkce.<\/p>\t\t\t\t\t\t\t\t<\/div>\n\t\t\t\t<\/div>\n\t\t\t\t<\/div>\n\t\t<div class=\"elementor-element elementor-element-265c0a8 e-flex e-con-boxed e-con e-child\" data-id=\"265c0a8\" data-element_type=\"container\">\n\t\t\t\t\t<div class=\"e-con-inner\">\n\t\t\t\t<div class=\"elementor-element elementor-element-a2a67c0 elementor-widget elementor-widget-image-carousel\" data-id=\"a2a67c0\" data-element_type=\"widget\" data-settings=\"{&quot;slides_to_show_mobile&quot;:&quot;1&quot;,&quot;navigation&quot;:&quot;none&quot;,&quot;slides_to_show&quot;:&quot;3&quot;,&quot;slides_to_scroll&quot;:&quot;1&quot;,&quot;autoplay_speed&quot;:1877,&quot;image_spacing_custom&quot;:{&quot;unit&quot;:&quot;rem&quot;,&quot;size&quot;:10,&quot;sizes&quot;:[]},&quot;image_spacing_custom_tablet&quot;:{&quot;unit&quot;:&quot;rem&quot;,&quot;size&quot;:&quot;&quot;,&quot;sizes&quot;:[]},&quot;autoplay&quot;:&quot;yes&quot;,&quot;pause_on_interaction&quot;:&quot;yes&quot;,&quot;infinite&quot;:&quot;yes&quot;,&quot;speed&quot;:500}\" data-widget_type=\"image-carousel.default\">\n\t\t\t\t<div class=\"elementor-widget-container\">\n\t\t\t\t\t\t\t<div class=\"elementor-image-carousel-wrapper swiper\" role=\"region\" aria-roledescription=\"carousel\" aria-label=\"Obr\u00e1zkov\u00fd koloto\u010d\" dir=\"ltr\">\n\t\t\t<div class=\"elementor-image-carousel swiper-wrapper swiper-image-stretch\" aria-live=\"off\">\n\t\t\t\t\t\t\t\t<div class=\"swiper-slide\" role=\"group\" aria-roledescription=\"slide\" aria-label=\"1 z 6\"><figure class=\"swiper-slide-inner\"><img decoding=\"async\" class=\"swiper-slide-image\" src=\"https:\/\/vinarstvizdenekprat.cz\/wp-content\/uploads\/elementor\/thumbs\/IMG_6901-scaled-qr75ju7qyp7qrcij95dwb8whnker74erx36abhr1ww.jpg\" alt=\"IMG_6901\" \/><\/figure><\/div><div class=\"swiper-slide\" role=\"group\" aria-roledescription=\"slide\" aria-label=\"2 z 6\"><figure class=\"swiper-slide-inner\"><img decoding=\"async\" class=\"swiper-slide-image\" src=\"https:\/\/vinarstvizdenekprat.cz\/wp-content\/uploads\/elementor\/thumbs\/4e31c910-f7ba-4702-8d53-348d7b1d3f00-qr74rfjceybrvls14vbsyeyzccfekfmtche06fvdyo.jpg\" alt=\"4e31c910-f7ba-4702-8d53-348d7b1d3f00\" \/><\/figure><\/div><div class=\"swiper-slide\" role=\"group\" aria-roledescription=\"slide\" aria-label=\"3 z 6\"><figure class=\"swiper-slide-inner\"><img decoding=\"async\" class=\"swiper-slide-image\" src=\"https:\/\/vinarstvizdenekprat.cz\/wp-content\/uploads\/elementor\/thumbs\/IMG_6872-scaled-qqaax9av6ltn4sgvwjwebalntz3ltv9wsh6su9i92o.jpg\" alt=\"IMG_6872\" \/><\/figure><\/div><div class=\"swiper-slide\" role=\"group\" aria-roledescription=\"slide\" aria-label=\"4 z 6\"><figure class=\"swiper-slide-inner\"><img decoding=\"async\" class=\"swiper-slide-image\" src=\"https:\/\/vinarstvizdenekprat.cz\/wp-content\/uploads\/elementor\/thumbs\/IMG_6784-scaled-qqab4jju5dsn3zvyd79b4yf9kh70hf70sj79qgpeuo.jpg\" alt=\"IMG_6784\" \/><\/figure><\/div><div class=\"swiper-slide\" role=\"group\" aria-roledescription=\"slide\" aria-label=\"5 z 6\"><figure class=\"swiper-slide-inner\"><img decoding=\"async\" class=\"swiper-slide-image\" src=\"https:\/\/vinarstvizdenekprat.cz\/wp-content\/uploads\/elementor\/thumbs\/IMG_6763-scaled-qqaa1ovznwlz88bl8eog2rddn4oubsyfg8grmqb81c.jpg\" alt=\"IMG_6763\" \/><\/figure><\/div><div class=\"swiper-slide\" role=\"group\" aria-roledescription=\"slide\" aria-label=\"6 z 6\"><figure class=\"swiper-slide-inner\"><img decoding=\"async\" class=\"swiper-slide-image\" src=\"https:\/\/vinarstvizdenekprat.cz\/wp-content\/uploads\/elementor\/thumbs\/IMG_7915-scaled-qqbq5ernr2btf5qhcp418xg8mpidjufho6jerr5xf4.jpg\" alt=\"Vina\u0159stv\u00ed Zden\u011bk Pr\u00e1t\" \/><\/figure><\/div>\t\t\t<\/div>\n\t\t\t\t\t\t\t\n\t\t\t\t\t\t\t\t\t<\/div>\n\t\t\t\t\t\t<\/div>\n\t\t\t\t<\/div>\n\t\t\t\t\t<\/div>\n\t\t\t\t<\/div>\n\t\t\t\t<\/div>\n\t\t<div class=\"elementor-element elementor-element-d2c5fc5 e-con-full e-flex e-con e-parent\" data-id=\"d2c5fc5\" data-element_type=\"container\" data-settings=\"{&quot;background_background&quot;:&quot;classic&quot;}\">\n\t\t<div class=\"elementor-element elementor-element-4dd2b28 e-con-full e-flex e-con e-child\" data-id=\"4dd2b28\" data-element_type=\"container\">\n\t\t\t\t<div class=\"elementor-element elementor-element-f4cb87c elementor-widget elementor-widget-text-editor\" data-id=\"f4cb87c\" data-element_type=\"widget\" data-widget_type=\"text-editor.default\">\n\t\t\t\t<div class=\"elementor-widget-container\">\n\t\t\t\t\t\t\t\t\t<p style=\"margin-top: 0cm; background: white;\"><br \/>D\u011bl\u00e1me sv\u011b\u017e\u00ed, mlad\u00e1 v\u00edna. Specializujeme se na v\u00edna z interspecifick\u00fdch odr\u016fd Hibernal, Souvignier Gris, Solaris, Johanniter ale i v\u00edna z odr\u016fd klasick\u00fdch Chardonnay, Rulandsk\u00e9 B\u00edl\u00e9 a dal\u0161\u00ed kter\u00e9 naleznete v nab\u00eddce v\u00edn. Tvo\u0159\u00edme v\u00edno, u kter\u00e9ho se snoub\u00ed unik\u00e1tn\u00ed p\u0159\u00edrodn\u00ed lehk\u00e1 aromatika a sv\u011b\u017e\u00ed chu\u0165. K v\u00fdrob\u011b v\u00edna n\u00e1m napom\u00e1h\u00e1 modern\u00ed technologie, kterou maxim\u00e1ln\u011b vyu\u017e\u00edv\u00e1me<\/p>\t\t\t\t\t\t\t\t<\/div>\n\t\t\t\t<\/div>\n\t\t\t\t<\/div>\n\t\t<div class=\"elementor-element elementor-element-70ff690 e-flex e-con-boxed e-con e-child\" data-id=\"70ff690\" data-element_type=\"container\">\n\t\t\t\t\t<div class=\"e-con-inner\">\n\t\t\t\t<div class=\"elementor-element elementor-element-b6cd686 elementor-widget elementor-widget-image-carousel\" data-id=\"b6cd686\" data-element_type=\"widget\" data-settings=\"{&quot;slides_to_show_mobile&quot;:&quot;1&quot;,&quot;navigation&quot;:&quot;none&quot;,&quot;slides_to_show&quot;:&quot;3&quot;,&quot;slides_to_scroll&quot;:&quot;1&quot;,&quot;autoplay_speed&quot;:1877,&quot;image_spacing_custom&quot;:{&quot;unit&quot;:&quot;rem&quot;,&quot;size&quot;:10,&quot;sizes&quot;:[]},&quot;image_spacing_custom_tablet&quot;:{&quot;unit&quot;:&quot;rem&quot;,&quot;size&quot;:&quot;&quot;,&quot;sizes&quot;:[]},&quot;autoplay&quot;:&quot;yes&quot;,&quot;pause_on_interaction&quot;:&quot;yes&quot;,&quot;infinite&quot;:&quot;yes&quot;,&quot;speed&quot;:500}\" data-widget_type=\"image-carousel.default\">\n\t\t\t\t<div class=\"elementor-widget-container\">\n\t\t\t\t\t\t\t<div class=\"elementor-image-carousel-wrapper swiper\" role=\"region\" aria-roledescription=\"carousel\" aria-label=\"Obr\u00e1zkov\u00fd koloto\u010d\" dir=\"ltr\">\n\t\t\t<div class=\"elementor-image-carousel swiper-wrapper swiper-image-stretch\" aria-live=\"off\">\n\t\t\t\t\t\t\t\t<div class=\"swiper-slide\" role=\"group\" aria-roledescription=\"slide\" aria-label=\"1 z 4\"><figure class=\"swiper-slide-inner\"><img decoding=\"async\" class=\"swiper-slide-image\" src=\"https:\/\/vinarstvizdenekprat.cz\/wp-content\/uploads\/elementor\/thumbs\/IMG_7909-scaled-qqab7ipfshvbvjkazhks17dtaeiuux0f79kmg0aj5c.jpg\" alt=\"Vina\u0159stv\u00ed Zden\u011bk Pr\u00e1t\" \/><\/figure><\/div><div class=\"swiper-slide\" role=\"group\" aria-roledescription=\"slide\" aria-label=\"2 z 4\"><figure class=\"swiper-slide-inner\"><img decoding=\"async\" class=\"swiper-slide-image\" src=\"https:\/\/vinarstvizdenekprat.cz\/wp-content\/uploads\/elementor\/thumbs\/IMG_8017_1-scaled-qqab8l8tkpc33k0bqg8hdfnpn78wmi9f0kbj4cpe28.jpg\" alt=\"Vina\u0159stv\u00ed Zden\u011bk Pr\u00e1t\" \/><\/figure><\/div><div class=\"swiper-slide\" role=\"group\" aria-roledescription=\"slide\" aria-label=\"3 z 4\"><figure class=\"swiper-slide-inner\"><img decoding=\"async\" class=\"swiper-slide-image\" src=\"https:\/\/vinarstvizdenekprat.cz\/wp-content\/uploads\/elementor\/thumbs\/859246ab-718d-4d20-985b-c01083bfbfe0-qqbqbeyjeyjrlh0gaak86ew99bwsq89r5wl35e9do0.jpg\" alt=\"859246ab-718d-4d20-985b-c01083bfbfe0\" \/><\/figure><\/div><div class=\"swiper-slide\" role=\"group\" aria-roledescription=\"slide\" aria-label=\"4 z 4\"><figure class=\"swiper-slide-inner\"><img decoding=\"async\" class=\"swiper-slide-image\" src=\"https:\/\/vinarstvizdenekprat.cz\/wp-content\/uploads\/elementor\/thumbs\/IMG_0185-scaled-qqabcothdoy3qc1ysq0wqwf2wp1j6zj9wuqrgsmkxc.jpg\" alt=\"IMG_0185\" \/><\/figure><\/div>\t\t\t<\/div>\n\t\t\t\t\t\t\t\n\t\t\t\t\t\t\t\t\t<\/div>\n\t\t\t\t\t\t<\/div>\n\t\t\t\t<\/div>\n\t\t\t\t<div class=\"elementor-element elementor-element-f5d24f5 elementor-widget elementor-widget-text-editor\" data-id=\"f5d24f5\" data-element_type=\"widget\" data-widget_type=\"text-editor.default\">\n\t\t\t\t<div class=\"elementor-widget-container\">\n\t\t\t\t\t\t\t\t\t<p style=\"margin-top: 0cm; background: white;\">Vyberte si z nab\u00eddky v\u00edn a v p\u0159\u00edpad\u011b z\u00e1jmu n\u00e1s kontaktujte, r\u00e1di V\u00e1m s v\u00fdb\u011brem pom\u016f\u017eeme.<\/p>\t\t\t\t\t\t\t\t<\/div>\n\t\t\t\t<\/div>\n\t\t\t\t<div class=\"elementor-element elementor-element-2ce8dea elementor-mobile-align-left elementor-align-center elementor-widget elementor-widget-button\" data-id=\"2ce8dea\" data-element_type=\"widget\" data-widget_type=\"button.default\">\n\t\t\t\t<div class=\"elementor-widget-container\">\n\t\t\t\t\t\t\t\t\t<div class=\"elementor-button-wrapper\">\n\t\t\t\t\t<a class=\"elementor-button elementor-button-link elementor-size-sm\" href=\"https:\/\/vinarstvizdenekprat.cz\/?page_id=123\">\n\t\t\t\t\t\t<span class=\"elementor-button-content-wrapper\">\n\t\t\t\t\t\t<span class=\"elementor-button-icon\">\n\t\t\t\t<svg aria-hidden=\"true\" class=\"e-font-icon-svg e-fas-arrow-right\" viewBox=\"0 0 448 512\" xmlns=\"http:\/\/www.w3.org\/2000\/svg\"><path d=\"M190.5 66.9l22.2-22.2c9.4-9.4 24.6-9.4 33.9 0L441 239c9.4 9.4 9.4 24.6 0 33.9L246.6 467.3c-9.4 9.4-24.6 9.4-33.9 0l-22.2-22.2c-9.5-9.5-9.3-25 .4-34.3L311.4 296H24c-13.3 0-24-10.7-24-24v-32c0-13.3 10.7-24 24-24h287.4L190.9 101.2c-9.8-9.3-10-24.8-.4-34.3z\"><\/path><\/svg>\t\t\t<\/span>\n\t\t\t\t\t\t\t\t\t<span class=\"elementor-button-text\">Nab\u00eddka v\u00edn<\/span>\n\t\t\t\t\t<\/span>\n\t\t\t\t\t<\/a>\n\t\t\t\t<\/div>\n\t\t\t\t\t\t\t\t<\/div>\n\t\t\t\t<\/div>\n\t\t\t\t\t<\/div>\n\t\t\t\t<\/div>\n\t\t\t\t<\/div>\n\t\t<div class=\"elementor-element elementor-element-3541336 e-flex e-con-boxed e-con e-parent\" data-id=\"3541336\" data-element_type=\"container\">\n\t\t\t\t\t<div class=\"e-con-inner\">\n\t\t\t\t\t<\/div>\n\t\t\t\t<\/div>\n\t\t\t\t<\/div>\n\t\t","protected":false},"excerpt":{"rendered":"<p>ZDEN\u011aK PR\u00c1T O VINA\u0158STV\u00cd Jsme mal\u00e9 vina\u0159stv\u00ed s\u00eddl\u00edc\u00ed v obci Josefov ve Slov\u00e1ck\u00e9 vina\u0159sk\u00e9 podoblasti obhospoda\u0159uj\u00edc\u00ed 4 hektary vinic, kter\u00e9 [&hellip;]<\/p>\n","protected":false},"author":1,"featured_media":0,"parent":0,"menu_order":0,"comment_status":"closed","ping_status":"closed","template":"","meta":{"site-sidebar-layout":"no-sidebar","site-content-layout":"plain-container","ast-site-content-layout":"full-width-container","site-content-style":"default","site-sidebar-style":"default","ast-global-header-display":"","ast-banner-title-visibility":"","ast-main-header-display":"","ast-hfb-above-header-display":"","ast-hfb-below-header-display":"","ast-hfb-mobile-header-display":"","site-post-title":"disabled","ast-breadcrumbs-content":"","ast-featured-img":"disabled","footer-sml-layout":"","ast-disable-related-posts":"","theme-transparent-header-meta":"enabled","adv-header-id-meta":"","stick-header-meta":"","header-above-stick-meta":"","header-main-stick-meta":"","header-below-stick-meta":"","astra-migrate-meta-layouts":"default","ast-page-background-enabled":"default","ast-page-background-meta":{"desktop":{"background-color":"var(--ast-global-color-4)","background-image":"","background-repeat":"repeat","background-position":"center center","background-size":"auto","background-attachment":"scroll","background-type":"","background-media":"","overlay-type":"","overlay-color":"","overlay-opacity":"","overlay-gradient":""},"tablet":{"background-color":"","background-image":"","background-repeat":"repeat","background-position":"center center","background-size":"auto","background-attachment":"scroll","background-type":"","background-media":"","overlay-type":"","overlay-color":"","overlay-opacity":"","overlay-gradient":""},"mobile":{"background-color":"","background-image":"","background-repeat":"repeat","background-position":"center center","background-size":"auto","background-attachment":"scroll","background-type":"","background-media":"","overlay-type":"","overlay-color":"","overlay-opacity":"","overlay-gradient":""}},"ast-content-background-meta":{"desktop":{"background-color":"var(--ast-global-color-5)","background-image":"","background-repeat":"repeat","background-position":"center center","background-size":"auto","background-attachment":"scroll","background-type":"","background-media":"","overlay-type":"","overlay-color":"","overlay-opacity":"","overlay-gradient":""},"tablet":{"background-color":"var(--ast-global-color-5)","background-image":"","background-repeat":"repeat","background-position":"center center","background-size":"auto","background-attachment":"scroll","background-type":"","background-media":"","overlay-type":"","overlay-color":"","overlay-opacity":"","overlay-gradient":""},"mobile":{"background-color":"var(--ast-global-color-5)","background-image":"","background-repeat":"repeat","background-position":"center center","background-size":"auto","background-attachment":"scroll","background-type":"","background-media":"","overlay-type":"","overlay-color":"","overlay-opacity":"","overlay-gradient":""}},"footnotes":""},"class_list":["post-8","page","type-page","status-publish","hentry"],"aioseo_notices":[],"_links":{"self":[{"href":"https:\/\/vinarstvizdenekprat.cz\/index.php?rest_route=\/wp\/v2\/pages\/8","targetHints":{"allow":["GET"]}}],"collection":[{"href":"https:\/\/vinarstvizdenekprat.cz\/index.php?rest_route=\/wp\/v2\/pages"}],"about":[{"href":"https:\/\/vinarstvizdenekprat.cz\/index.php?rest_route=\/wp\/v2\/types\/page"}],"author":[{"embeddable":true,"href":"https:\/\/vinarstvizdenekprat.cz\/index.php?rest_route=\/wp\/v2\/users\/1"}],"replies":[{"embeddable":true,"href":"https:\/\/vinarstvizdenekprat.cz\/index.php?rest_route=%2Fwp%2Fv2%2Fcomments&post=8"}],"version-history":[{"count":385,"href":"https:\/\/vinarstvizdenekprat.cz\/index.php?rest_route=\/wp\/v2\/pages\/8\/revisions"}],"predecessor-version":[{"id":658,"href":"https:\/\/vinarstvizdenekprat.cz\/index.php?rest_route=\/wp\/v2\/pages\/8\/revisions\/658"}],"wp:attachment":[{"href":"https:\/\/vinarstvizdenekprat.cz\/index.php?rest_route=%2Fwp%2Fv2%2Fmedia&parent=8"}],"curies":[{"name":"wp","href":"https:\/\/api.w.org\/{rel}","templated":true}]}}